) be the second derivative of -i**4/12 + i**3/2 - 2*i - 1581. Let u = 7 - 1. Determine o(u).
-18
Suppose -3*o + 169 - 64 = -5*h, -o + h + 33 = 0. Let u be 574/8 - (-4 - o/(-8)). Let j(q) = -143 - 4*q + u + 72 - 4*q**2. What is j(-3)?
-23
Suppose -4*m + 5*m + 3*c + 6 = 0, 3*m = -4*c - 13. Let p be 63/(-6) - m/6. Let t be 108/(-20) + 1 + (-4)/p. Let s(v) = v**3 + 4*v**2 + 5*v + 5. Determine s(t).
-15
Suppose 0 = 2*v + v. Let i(w) = -204*w + 65*w - 1 - w**2 + 5 + 72*w + 68*w. What is i(v)?
4
Let c(s) be the third derivative of 0 + 4*s**2 - 1/2*s**3 + 1/30*s**5 + 0*s + 1/12*s**4. Let g(m) be the first derivative of c(m). Give g(5).
22
Let w(m) = m**2 - 8*m + 5. Let h(d) = d**3 + 2*d**2 + d + 4. Let n be h(-2). Suppose n*p - 3*p + 13 = 2*i, -i + 2*p = -4. What is w(i)?
-7
Let b(u) = -21 - 22 + 4*u - 15 + 76 - 16. Give b(3).
14
Let t(y) = 10*y - 30. Let q(n) = 3*n - 7. Let d(a) = 4*q(a) - t(a). Let s(w) = -w**3 - 8*w**2 + 8*w - 15. Let c be s(-9). Determine d(c).
-10
Let f(g) = g**3 + 17*g**2 - 19*g - 20. Let a = -52 - -34. Let m be f(a). Let r be (6/(-4))/(m/(-4)). Let v(d) = d + 3. Give v(r).
0
Let q(p) = 46 - 28*p - 13 - 26 + 34 + 29*p. Determine q(-19).
22
Let f(g) = -g**2 - 8*g. Suppose -120 = 2*b + 4*b. Let c be b*(5/(-2) - 2). Let x = c + -99. What is f(x)?
-9
Let z be -3*((-84)/14 - 52/(-6) - 4). Let t(m) = -15*m + 60. Give t(z).
0
Let z(x) = -x**2 + 3*x + 5. Suppose 0 = -5*m - 5*m + 20. Suppose 2*u = 4*u - m*l + 90, 4*u = 3*l - 177. Let d be (70/u)/((-2)/6). Calculate z(d).
-5
Let h be 1 - 2 - 16/(-9 + 5). Let l(b) = 5*b - 3 + 0*b**2 - 2*b - 2*b**2 + 7. Calculate l(h).
-5
Let m(l) = -3*l**3 - 6*l**2 - 8*l + 13. Let a(d) = -2*d**3 - d + 5. Let c(w) = -2*a(w) + m(w). Give c(7).
10
Let c(v) = -2*v**3 - 9*v**2 - 14*v. Let b = -12734 - -12730. What is c(b)?
40
Let q = -46 - -56. Let b be (-3)/((-105)/q) - (-80)/14. Let i(z) = -4*z**2 - 31*z + 17. Let c(f) = -f**2 - 10*f + 6. Let r(s) = -7*c(s) + 2*i(s). Give r(b).
4
Suppose -4*k - 4*v = -8, -2*k - 3*k + v - 8 = 0. Let l be ((-14)/(-2) + 0)*k. Let s(f) = 1114*f - 8 + 1106*f - 2222*f. Determine s(l).
6
Let h be ((-66)/12 + 4)/((-3)/4). Suppose -h*g - g = -i, -4*i = 12. Let k(s) be the third derivative of -7*s**5/60 - s**4/12 - s**3/6 - 18*s**2. What is k(g)?
-6
Let w be (4/3 + -2)/((-6)/(-117)). Let a = w - -13. Suppose 7*q + a*q = -49. Let f(n) = n**3 + 6*n**2 - 4*n + 4. Calculate f(q).
-17
Let y(i) be the first derivative of i**2/2 - 22*i + 542. What is y(15)?
-7
Let d(y) = -3*y - 3. Let v be 58 - ((-2)/(-7) + (-30)/7). Let r = 89 - v. Suppose r*h = 15*h - 36. Determine d(h).
6
Let h(p) = -2*p - p + 7083 - 7084. Suppose 0 = -3*y + 4*y. Suppose y = 3*b - b + 2. Give h(b).
2
Let r(m) = -8*m**3 + 57*m**2 + 40*m + 67. Let d(z) = 11*z**3 - 62*z**2 - 39*z - 66. Let c(x) = -3*d(x) - 4*r(x). Calculate c(-41).
12
Let z(n) = 7*n**3 - 12*n**2 + 7*n - 37. Let c(w) = 4*w**3 - 7*w**2 + 4*w - 22. Let k(d) = -9*c(d) + 5*z(d). What is k(5)?
-42
Let l(j) = 1804*j - 14458. Let h be l(8). Let p(o) = o**3 + 27*o**2 + 24*o - 45. Determine p(h).
7
Suppose 0 = -89*s + 95*s + 408. Let x = 146 + s. Let d = -72 + x. Let l(k) = k + 6. Calculate l(d).
12
Let s be ((-3655)/51)/43*6/5. Let a be (9/2 - 2)*2. Let t(z) = -2 + a - 1 + 8*z. Calculate t(s).
-14
Let v(p) = p**2 - 8*p + 4. Let i be ((-11)/11)/(1 - 14/13). Suppose -8 = -17*d + i*d. Suppose 3*u + 2*b = 22, -d*b + 0*b + 4 = 0. Give v(u).
-8
Let x(i) = i**2 - 8*i + 4. Let h be x(8). Let g(n) be the second derivative of n**5/20 - n**4/4 - 2*n**3/3 + 3*n**2/2 + 18*n - 4. What is g(h)?
3
Let s(x) = x**3 + 14*x**2 + 9*x + 116. Let k be s(-14). Let t(o) = 6*o + 56. Calculate t(k).
-4
Let r be 11*(-13)/(-429) - -71*(-3)/(-9). Let i(d) = d**2 - 26*d + 17. Determine i(r).
-31
Let i(b) = -3*b - 12 - b**3 + 0*b - 3*b**3 - 9*b**2 + 3*b**3. Let t be -2*(1 + (-18)/12)*-9. What is i(t)?
15
Let r(a) be the first derivative of -a**4/4 - a**3 + a**2 - 17*a + 620. What is r(-4)?
-9
Let q(u) = -4*u + 3. Let f(a) = 3*a - 4. Let o(n) = -4*f(n) - 5*q(n). Suppose 12*s + 0*s + 24 = 0. What is o(s)?
-15
Suppose 12*z + 155 = -97. Let t be (-8 - 112/z)*(-3)/(-2). Let r(q) = q - 5. What is r(t)?
-9
Let y = 380 + -383. Let f be (-75)/(-9) + y - (-4)/(-3). Let k(r) = -5*r + 10. Calculate k(f).
-10
Let t(v) = -16*v - 6. Let s(u) = -68*u - 28. Let x(j) = 2*s(j) - 9*t(j). Give x(3).
22
Let z(h) = 16*h**3 + 62*h**2 + 14*h - 30. Let r(k) = k**3 + 4*k**2 + 2*k - 2. Let c(o) = -15*r(o) + z(o). Give c(-5).
5
Let c(d) = 41*d + 2. Let j = -542 - -544. Determine c(j).
84
Let s(w) = -8*w. Let x be -96 + 0/(-1 + -4). Let k be -2 + ((-24)/x - (-18)/(-8)). Give s(k).
32
Suppose 69*z + 335 = -1045. Let n(s) = -s**2 - 21*s + 5. Determine n(z).
25
Suppose 0 = -3*t + 3*q, 5*t - 7*t = -3*q - 1. Let a(v) = 40*v + 30. Determine a(t).
-10
Let m(f) = -f**3 - 6*f**2 - 10*f - 10. Suppose 0 = 98*d + 56*d + 462. Determine m(d).
-7
Let u(v) = -2*v + 5. Let n(m) be the second derivative of -m**3/3 + m**2/2 - 23*m + 1. Let g(k) = 2*n(k) + u(k). What is g(4)?
-17
Suppose 4*y + 12*z - 11*z + 39 = 0, 4*y = z - 33. Let u(n) = -4*n + 6. Give u(y).
42
Let y(q) = 9*q**3 - 21*q**2 + 14*q - 23. Let w(r) = -11*r**3 + 21*r**2 - 13*r + 20. Let j(v) = 5*w(v) + 6*y(v). What is j(-22)?
28
Let c(w) = -w**3 + 18*w**2 - 4*w + 70. Let d be ((-810)/120)/((-4 - -1)/(5 - -3)). Determine c(d).
-2
Let r(k) = 27*k**3 - 50*k**2 + 53*k - 159. Let x(w) = -5*w**3 + 10*w**2 - 10*w + 32. Let u(d) = 2*r(d) + 11*x(d). Calculate u(10).
-6
Suppose 5*a - 3*l = -0*a - 7, 3*a = 3*l - 9. Let r(k) = 7*k. Let q be r(a). Let u(y) = -y + 8. Let b(s) = 2*s - 15. Let h(g) = -2*b(g) - 5*u(g). Give h(q).
-3
Let l(x) be the first derivative of 0*x**2 - 20*x**2 + 136 + 22*x**2. What is l(3)?
12
Let b(y) = y**3 + 12*y**2 + 10*y - 8. Let i be b(-11). Suppose -67*s - i = -68*s. Let u(l) = s*l**2 - 4*l**2 - 28*l + 10*l + 5 + 17*l. What is u(0)?
5
Suppose 18*x + 39 = 3. Let d be (10/(-6))/(x/(-12)). Let h(r) = -r**3 - 11*r**2 - 8*r - 8. Calculate h(d).
-28
Suppose 0 = 3*h + 15, -3*o - 43 = -3*h + 8*h. Let b(x) = -x**3 - 10*x**2 - 26*x - 2. Calculate b(o).
10
Let g(n) = -n**2 - 10*n - 34. Let v be g(-6). Let d = v + 13. Suppose 5*h = 5, -5*q = -d*q + 5*h - 11. Let w(l) = 2*l**3 - 2*l**2 - 5*l + 2. Give w(q).
23
Let j(l) = -l**3 - 2*l**2 + l + 2. Let x be (-3)/1 - (35 + 372). Let t be 1353/x + (-6)/(-20). Determine j(t).
8
Let a(s) = s**2 - 32*s + 25. Let w be a(16). Let u = w + 227. Let k(i) = i**2 + 6*i - 1. Calculate k(u).
-9
Let u(s) = -s - 41. Let l be u(-5). Let q be (3 + -1)*(-5 + l/(-4)). Let k(j) = -j**3 + 9*j**2 - 7*j - 6. Determine k(q).
2
Let n(z) be the first derivative of 12 - z + 5/2*z**2 - 1/3*z**3. Let r(p) = -p**2 - 4*p + 1. Let g be r(-3). Give n(g).
3
Suppose 169*a = 166*a + 3. Suppose n + 3 = -a. Let o(l) = -2*l + 3. Determine o(n).
11
Let c(p) = 9*p**2 - 2*p - 13. Let s(x) = -13*x**2 + 15. Let t(r) = 3*c(r) + 2*s(r). Determine t(7).
-2
Suppose -14 = -4*c - 6. Let i(h) = 2*h + c*h - 18*h + 4*h - 9*h**2 - 2 - h**3. Give i(-8).
14
Let p = -1 + 3. Let z(o) = -2*o**3 - 8*o**2 - 16*o - 2. Let b be z(-4). Let r(h) = 1 + 3*h**p + h**3 - 5 - b*h + 58*h. Determine r(-4).
-4
Let n(h) = -89*h + 15. Let r(d) = 16*d - 3. Let m(f) = 4*n(f) + 22*r(f). Let b = -25 + 36. Suppose -b*w = -9*w + 12. Calculate m(w).
18
Let q(t) = -106*t**2. Let y be 4/((-20)/45) - (-2 - 8). Determine q(y).
-106
Let o(s) = 475 + 249 - 754 - s. Suppose 0*l = -3*l. Calculate o(l).
-30
Let c = -138 - -138. Let x(j) = -j. Let o(v) = -2*v - 1. Let r(t) = -2*o(t) + 5*x(t). Let u be r(c). Let f(l) = l**3 - 2*l**2 + l + 1. Calculate f(u).
3
Let r(y) = -2*y**2 - 4*y - 288. Let v(a) = 2*a**2 + 3*a + 290. Let l(d) = -4*r(d) - 5*v(d). Let t(s) be the first derivative of l(s). Give t(-1).
5
Let n(t) = t**3 - 6*t**2 + 8*t + 8. Suppose -87*v = -83*v - 16. Give n(v).
8
Let c(f) = -f**2 + 193*f - 2997. Let z be c(17). Let h(n) = n**2 - 3. Give h(z).
22
Let b(d) be the third derivative of -d**5/30 + d**4/24 - 2*d**2 + 358. Determine b(-1).
-3
Suppose -11 = -2*q + 3*r, 4*q - 17*r + 18 = -19*r. Let n be q/(14/(-28)*4/10). Let s(m) = m**2 - 10*m - 3. What is s(n)?
-3
Suppose -3*k + 143 = 71. Let h be k/10*(-155)/(-62). Let w(c) = 2*c. Calculate w(h).
12
Suppose -37*f + 558 = -213*f - 1026. Let c(i) = 24*i + 231. What i